**2 + o - 1. Calculate n(l).
3
Let o(p) be the second derivative of p**4/12 - 2*p**3/3 - 2*p**2 + 7*p. Calculate o(5).
1
Let w(n) = -6*n**2 + 11*n + 19. Suppose -4*c + 3*z = c + 10, -c - 2 = 3*z. Let g(m) = m**2 - 2*m - 4. Let b(s) = c*w(s) - 11*g(s). Determine b(0).
6
Let z(g) = -g**3 - g**2 - g. Suppose -c = -w - 2*c, 5 = -2*w + 3*c. Let o be z(w). Let b(u) = 3*u**3 + u**2 - 2*u + 1. Calculate b(o).
3
Let n(t) = 2*t**2 + 27*t - 28*t + 2 - 3*t**2. Determine n(-2).
0
Suppose 39 - 30 = -3*g. Let s(q) = -q**3 - 3*q**2 - 2*q. Determine s(g).
6
Let d(c) be the third derivative of 5*c**4/6 + 5*c**3/2 + 3*c**2. Let m(j) = -7*j - 5. Let r(y) = -6*d(y) - 17*m(y). Calculate r(-5).
0
Let z be (2*-1 - -1)*-5. Let q(s) = 3*s. Let k(c) = 10*c - 1. Let i(p) = 2*k(p) - 7*q(p). What is i(z)?
-7
Let n(o) = -o**2 + 7*o + 1. Suppose s + m + 5 = 15, 0 = 5*s + 2*m - 38. Determine n(s).
7
Let s(p) = -6*p + 4*p - 1 - 9 - 2. Give s(-8).
4
Let u(t) = t**3 + 3*t**2 - 3*t - 4. Let n = -26 + 46. Let j = n + -23. Calculate u(j).
5
Let x(p) be the second derivative of p**3/6 + 3*p**2 - 6*p. Calculate x(-4).
2
Suppose -n + 4*n = 0. Suppose n = 3*i - 4*y + 6 + 22, -4 = -y. Let z(c) = -1 - c**2 + 5 - 4*c - 3. Give z(i).
1
Let d(g) = -5*g**2 + 2*g + 3. Let r(c) = -c**2 + 1. Let h(b) = d(b) - 4*r(b). What is h(1)?
0
Let l(h) be the first derivative of -h**4/4 + h**3 + 4*h + 3. What is l(3)?
4
Let w(s) = -2*s - 19. Let a be w(-10). Let n(f) = -a - 3 - 3*f + 1 + 2. Give n(2).
-7
Let r(t) = -t**2 - 4*t - 3. Suppose -5*m - 8 = -m. Calculate r(m).
1
Suppose 2*n - 2 = -0. Suppose 0*g + g - 2 = 0. Let w(x) = x + 0*x**3 - 3*x**2 + x**g - 2*x**3. What is w(n)?
-3
Suppose 2*c + b + 5 = 2*b, -3*c = -5*b + 18. Let j(m) = -2*m. Let v(l) = l. Let q(u) = c*v(u) - j(u). Give q(1).
1
Let a be (20/(-2))/((-2)/(-4)). Let p be 8/a - 4/(-10). Let t(d) = p*d**2 + 3*d**2 + d**3 + 0*d**2 + d**2 - 4. What is t(-3)?
5
Let l be 1/(0 + 2/(-12)). Let b be (-2)/l*(-3)/1. Let i(h) be the second derivative of 3*h**5/10 - h**4/12 - 2*h. Calculate i(b).
-7
Let w(a) = -2*a**2 - 8*a - 6. Let v(o) = 5*o**2 + 17*o + 13. Let f(g) = 3*v(g) + 7*w(g). What is f(4)?
-7
Let x(f) = -f**3 + 0*f**2 - f - 2 + 3*f**2 - 2*f**2 + 0*f. Suppose -2*y = 2*y. Give x(y).
-2
Let f(t) be the first derivative of 3*t**2 + 3*t - 2 - 1/3*t**3. Suppose 0 = 5*s + 2 - 27. Calculate f(s).
8
Suppose -4*z = -20 + 4. Let p be z/((-12)/(-9)) - 5. Let b(c) = -c**3 + c**2 + c - 1. Calculate b(p).
9
Let w be (2 - 0)*2/4. Let l(a) be the first derivative of 5/2*a**2 + a - 2. Determine l(w).
6
Let y(x) be the first derivative of x**3/3 - 4*x**2 + 9*x - 21. What is y(6)?
-3
Let r(h) = 7*h**2 + 13*h + 10. Let t(l) = -20*l**2 - 38*l - 29. Let u(b) = 17*r(b) + 6*t(b). What is u(-7)?
-4
Suppose 5*y - 23 + 3 = 0, 0 = 3*u + y + 2. Let v(d) = -d - 3. Give v(u).
-1
Let x = 4 - 14. Let f(d) = d**2 + 10*d - 14. What is f(x)?
-14
Let c(s) = 1 + 4 - 3 + 6*s + 1 - s**2. Give c(6).
3
Let m(p) = p + 7. Suppose -11 = -2*o + o. Let j = o + -17. Calculate m(j).
1
Let b(i) = 7*i - 7. Let c(s) = -15*s + 14. Let f(y) = 13*b(y) + 6*c(y). Let t(r) = -r**3 - 5*r**2 + 1. Let p be t(-5). Let o = p - 1. Calculate f(o).
-7
Let h(r) be the second derivative of 3*r**2 + 3*r + 0 + 1/6*r**3. Calculate h(0).
6
Let u = 77 + -73. Let o(f) = f**3 - 4*f**2 - 2*f + 3. Determine o(u).
-5
Let i(w) be the first derivative of 3 + 5/2*w**2 + 2*w. Suppose -5*f - 2*c - 10 = 0, 4*f = 2*f + 3*c - 4. Determine i(f).
-8
Let t(n) = -n**3 - n**2 - n - 1. Suppose 5*d + 15 = 0, 4*x - 7*x - d = -3. Let u(q) = -q**2 + q. Let p be u(x). Give t(p).
5
Let d(q) = -q**2 + 7*q - 9. Let b be (0 - -4) + 2 + 0. Calculate d(b).
-3
Let s(b) = -9*b - 2. Let v(c) = c**3 + 9*c**2 - c - 12. Let x be v(-9). Calculate s(x).
25
Let u = -2 - 0. Let g = 5 + u. Suppose 15 = -0*q - g*q. Let r(s) = -s**3 - 6*s**2 - 2*s + 7. What is r(q)?
-8
Let t(s) = -3*s - 1. Let k be t(-1). Let g = k - 8. Let v(z) = -z**3 - 5*z**2 + 6*z + 7. What is v(g)?
7
Suppose 2*j - 5*j - 2 = -2*v, 12 = -4*v + 2*j. Let x(t) = -4*t - t**2 + 0 - t**3 - 4 - 5*t**2. What is x(v)?
-9
Let k(u) be the third derivative of 1/120*u**6 + 1/20*u**5 + 0 - 1/2*u**3 + u**2 + 0*u**4 + 0*u. Let h be 46/(-14) - (-2)/7. Determine k(h).
-3
Let t(u) = u**3 + 4*u**2 + u - 4. Let s be t(-3). Let j = s + 0. Let n(q) = j*q - 7 + 5*q + 1 - q**2. Determine n(4).
6
Let h(m) = -4*m**3 + 10*m**2 - 3*m - 3. Let r(s) = 7*s**3 - 19*s**2 + 5*s + 5. Let z(w) = 5*h(w) + 3*r(w). Give z(7).
0
Let a(l) be the second derivative of -l**3/6 - 10*l. Let m be (5/3)/(2/(-6)). Calculate a(m).
5
Suppose 2*u - 48 = -38. Let d(m) = -3*m + 5. What is d(u)?
-10
Suppose 3 = 68*d - 67*d. Let j(a) = -8*a + 2. Determine j(d).
-22
Suppose -30 + 60 = -5*c. Let a(o) = -o**3 - 7*o**2 - 4*o + 6. Determine a(c).
-6
Let l(z) = -z**2 + 4*z - 6. Let q(k) = -k**2 + 15*k + 6. Let u be q(15). Determine l(u).
-18
Let c(k) be the third derivative of -k**5/30 - k**3/6 + k**2. Suppose 0 = w - 8*w + 7. Calculate c(w).
-3
Let t(o) = o**3 - 9*o**2 - 2*o + 18. Let g be t(9). Let s(i) = i**2 - 3. Determine s(g).
-3
Let n(k) = 0*k - k**3 - 4*k + k**2 + 5*k + 2. Let v(h) = 2*h**2 - h - 1. Let t be v(2). Suppose 5*l + 5*q + 5 = -5, -4*l = t*q + 10. Determine n(l).
2
Suppose 64 = -2*w - 0*w. Let t = w - -15. Let b be t/(-3) - (-8)/24. Let n(s) = s + 1. Calculate n(b).
7
Suppose 4*k = -5*y + 49, 0*y = 4*k + 4*y - 44. Let u(j) = -3*j + 7. Let b(n) = -16*n + 35. Let m(l) = 2*b(l) - 11*u(l). Determine m(k).
-1
Let z(k) = 2*k**3 + 13*k**2 - 8*k - 11. Let f(w) = -w**3 - 7*w**2 + 4*w + 6. Let y(t) = 11*f(t) + 6*z(t). Let x be (-3)/2*(2 + 0). Give y(x).
-6
Let g(j) = 3*j + 3. Suppose 0*a + 3*a - 24 = 0. Suppose a = -u + 4. What is g(u)?
-9
Suppose z = 6*z. Let k(w) = -w - 8. Calculate k(z).
-8
Let a(w) = -w**3 + 7*w**2 - 4*w - 4. Suppose 0 = 4*u - 0*u - 24. What is a(u)?
8
Let q be 4/(-3)*2/12*9. Let k(x) = 4*x**2 + 3*x. Determine k(q).
10
Let z(f) = -4*f + f**3 - 2*f**2 - 4 + 3*f**2 + 2*f**2. Let d = 0 + -3. Let g = d + 0. Calculate z(g).
8
Let i(d) be the second derivative of -3*d**5/20 - d**3/6 + 9*d. Determine i(-1).
4
Let q(m) = -7 + 5 - 5*m**2 + 4*m + m**3 + 3. What is q(4)?
1
Let a(p) be the second derivative of p**6/360 - p**5/24 + p**4/24 + p**3/2 - p. Let f(s) be the second derivative of a(s). Give f(3).
-5
Let k(d) be the second derivative of d**4/12 + 2*d**3/3 + 3*d**2/2 - 4*d. Let i(t) = -3*t**2 - 12*t - 10. Let u(s) = 2*i(s) + 7*k(s). Determine u(-4).
1
Let y = -6 - -4. Let n(l) = -l**2 - 3*l. What is n(y)?
2
Let g = 10 - 5. Let k be 1*-7 - (g - 4). Let r be (-1)/2*(-2 + k). Let i(a) = a**2 - 7*a + 3. Give i(r).
-7
Let c be -1*(0/(-2) - 0). Let g be c*(3 + 1*-2). Let y(i) = i + 3. Calculate y(g).
3
Let m(x) = -2*x - 2. Suppose -4*f - 4 = -3*r + 2*r, -8 = 3*r - 2*f. Calculate m(r).
6
Let o = 16 - 16. Suppose o = 2*n - 0 + 8. Let k(s) = 2*s + 5. What is k(n)?
-3
Let c be ((16/(-6))/(-2))/((-2)/6). Let j(y) be the third derivative of -y**4/24 - y**3/2 - y**2. Calculate j(c).
1
Let d = -51 + 54. Let s(y) be the third derivative of 3*y**2 + 0 + 1/6*y**4 + 1/6*y**d + 0*y + 1/60*y**5. Calculate s(-5).
6
Let r(z) be the second derivative of 7*z**3/6 - z**2/2 + 2*z. Let g(v) = -v**2 - 6*v - 1. Let o be g(-6). Calculate r(o).
-8
Let u(s) = -s + 1 + 2*s + 0*s. Let a be 2 + -2 + 0 + -7. Let o(x) = x + 4. Let k be o(a). Give u(k).
-2
Let o(r) be the third derivative of 1/2*r**3 + 1/15*r**5 + 0 + 1/24*r**4 + 0*r + 1/120*r**6 - 3*r**2. Calculate o(-3).
9
Let a(j) = -12*j + 4. Let y(t) = 6*t - 2. Let b(v) = -4*a(v) - 9*y(v). Let r(x) = -x**2 + 7*x + 2. Let m be r(7). What is b(m)?
-10
Suppose -5 = 3*d - 20. Suppose -2*a = -d*a - 12. Let s be (4/16)/((-1)/a). Let u(b) = -7*b + 1. Give u(s).
-6
Suppose -5*z = -2*z - 9. Let r(c) = -5 + 4 + 4 - 2*c + 4*c. Determine r(z).
9
Let n(f) be the first derivative of -5*f - 7/2*f**2 - 1/4*f**4 - 2*f**3 + 2. Determine n(-4).
-9
Let f(x) = 7*x + 7. Let o(a) = -6*a - 6. Let u(v) = -5*f(v) - 6*o(v). What is u(3)?
4
Let m(r) = -r**3 + 6*r**2 + 9*r - 10. Let a(u) = u**2 + 3. Let y be a(-2). What is m(y)?
4
Let t(s) = -s**2 - 3*s - 3. Let f be t(-3). Let v(d) be the first derivative of 1/3*d**3 - d - 1 + 3/2*d**2. Determine v(f).
-1
Let n be 12/10*12/((-216)/45). Let d(j) = 0 + 4 - 5*j**2 + 3*j - 4*j - j**3.